 is y(f)?
-7
Let j = 33 - 34. Let b(l) = -9*l. Determine b(j).
9
Let p(k) be the third derivative of 0*k + 0 - 1/8*k**4 - k**2 - 5/6*k**3 + 1/60*k**5. What is p(5)?
5
Let g(i) be the second derivative of 2*i + i**2 + 2/3*i**3 + 0 + 1/12*i**4. What is g(-4)?
2
Let d(c) be the second derivative of 9*c**5/20 - c**3/6 - 3*c. Let b(j) = j - 7. Let f be b(6). Calculate d(f).
-8
Let p(k) = k + 5. Let z = 3 + -1. Suppose -2*h = -z*x - 0*h - 6, 6 = -x + 2*h. Calculate p(x).
5
Let f(y) be the first derivative of -2*y**4 - y**3/3 + y**2 - y - 9. Calculate f(1).
-8
Let s(v) = 7*v**2 + v - 4. Let b(t) = -t**2 - t - 1. Let r(x) = b(x) + s(x). Let o(l) = l**2 - 1. Let m(i) = -5*o(i) + r(i). Calculate m(2).
4
Suppose -q + 4 = s, 5*s + q = -0*s + 24. Let m(k) be the first derivative of -k**2/2 - 23. What is m(s)?
-5
Let y(v) = -5*v - 3. Let s(r) = 2*r + 1. Let w(h) = -8*s(h) - 3*y(h). Suppose 3 = -k - 5*f, -2*k - 20 = k + 4*f. Let x be -2 + (-4)/(k/14). Give w(x).
-4
Let l(t) be the first derivative of -t**2 - 2*t + 36. What is l(3)?
-8
Let t(f) = 3 - 3 + f + 0*f. Let r(h) = h**3 + 5*h**2 - h - 4. Let a(s) = -r(s) - t(s). What is a(-5)?
4
Let z(v) be the first derivative of -v**3/3 - v**2/2 - 9*v - 5. Give z(0).
-9
Let m = -2 - -4. Let n(i) = -5*i**2 - 6*i + 5. Let r(a) = -a**2 - a + 1. Let u(t) = n(t) - 6*r(t). Calculate u(m).
3
Let w(m) = -m**2 - 4*m + 6. Let c be (-28)/6 + 11/(-33). Give w(c).
1
Let x(s) be the third derivative of -s**5/60 - s**4/4 - 2*s**3/3 - s**2. What is x(-4)?
4
Let d(i) = -i**2 - 4*i - 6. Let m be 0 - (3 + 1 + 0). Determine d(m).
-6
Let v(o) = -o**3 + 3*o**2 - o + 1. Suppose 0 = -3*w + 8*w + 25, -2*a - 2*w = 6. Suppose -4*n = -3*s - 0*n + a, -5*s = -3*n - 7. Give v(s).
3
Suppose 4*z + 26 = -3*d, 3*d - 4*z = -2*d + 10. Let w(r) = r + 2. Calculate w(d).
0
Let f(p) = p**3 + 6*p**2 + 8*p + 6. Let j(b) = -6*b**3 + 3*b**2 - 4*b + 2. Let x be j(1). What is f(x)?
-9
Let g = 33 + -12. Let t be 4/(-10) + g/15. Let r(y) = -y**3 + 1. What is r(t)?
0
Suppose 54*w + 8 = 53*w. Let x(n) = 2*n + 12. Calculate x(w).
-4
Let u(l) = -2*l**2 + 4*l**2 + 7*l**2 - 1. Let s(d) be the third derivative of 19*d**5/60 - d**3/3 + 9*d**2. Let m(y) = 4*s(y) - 9*u(y). What is m(-1)?
-4
Let w(u) = u**3 + 5*u**2 - 7*u - 5. Suppose 3*p + 29 - 11 = 0. Determine w(p).
1
Let l(c) = c + 8. Let i be l(-6). Let x(z) = -z**3 + z - 2. Determine x(i).
-8
Let k(u) = -u**2 + 7*u + 4. Let d be k(7). Let z(y) = 6*y - 1. Let b(h) = h - 1. Let m(n) = d*b(n) - z(n). Determine m(-5).
7
Suppose -5*r - 2 = 8. Let n(p) = -2*p**3 - 4*p**2 - 2*p + 2. What is n(r)?
6
Suppose 4*z - 3*m = -0*m + 18, 0 = z - 2*m - 7. Suppose -20 = o + z*o. Let b(w) = -6*w - 3*w**2 - 7 + 3*w**2 - w**2. What is b(o)?
-2
Let b(j) = -2*j**3 - j**2 + 3*j + 3. Let m(i) = -i**2 - 6*i. Let r be m(-5). Suppose -z - 12 = r*z. What is b(z)?
9
Let c(r) = 3*r**3 + 10*r**2 + 2*r - 1. Let b(h) = h**3 + h**2 + 1. Let i(g) = -4*b(g) + c(g). Calculate i(6).
7
Let g(k) be the first derivative of -k**4/12 + k**3/6 + k**2/2 - 4*k + 2. Let l(w) be the first derivative of g(w). Give l(-3).
-11
Let k be (-1)/3*(-2 + -4). Let y(u) = 11*u + k - 6 - u**2 - 14*u. Calculate y(-3).
-4
Suppose 3*q - 3 = 4*l, 0 = q - 2 + 1. Let p(k) = 0*k + 2*k - 3*k + 4. Calculate p(l).
4
Let d(j) be the first derivative of -5*j**3/6 - 2*j**2 + 2*j - 1. Let o(t) be the first derivative of d(t). Determine o(-3).
11
Let n be 0/1*(-2)/(-4). Let o(g) = -7*g + 16. Let y be -5*(2 + -1)*-1. Let z(d) = 3*d - 8. Let r(l) = y*z(l) + 2*o(l). Determine r(n).
-8
Let i(f) be the second derivative of -f**5/20 - 7*f**4/12 - 7*f**3/6 - f**2/2 + f. Suppose -2*z = -3*o - 6 - 6, 0 = 4*o - 4*z + 12. What is i(o)?
5
Let q be (-1 - -3)/((-6)/(-159)). Suppose 17 - q = -6*o. Let f(k) = k - 7. Calculate f(o).
-1
Let z(a) = -a - 1. Let w(m) = m**2 - 8*m - 1. Let u(x) = w(x) - z(x). Calculate u(7).
0
Let u(b) = -3*b**3 + 4*b**2 + 2*b - 1. Let m(x) = x**3 - x - 1. Let l(r) = -4*m(r) - u(r). What is l(-4)?
-3
Let t(h) = h**2 - 7*h + 1. Let f be t(7). Let w(d) = 4*d**3 - 9*d**2 + 7*d + 6. Let z(v) = v**3 - v**2 + v. Let m(s) = f*w(s) - 3*z(s). What is m(5)?
1
Let t(a) = -1 + 5*a - 4*a - 6*a. What is t(-1)?
4
Let d(t) = t + 5. Let p(a) = a**3 + 7*a**2 + 3*a + 17. Let x be p(-7). Give d(x).
1
Suppose -3*h = -0*d + 3*d - 6, 2*h + 8 = d. Suppose -r = -d*r + 12. Let i(w) = -w + 1. Let l(u) = u. Let t(z) = -5*i(z) - 6*l(z). Determine t(r).
-9
Let v be -3*((-1)/(-3) + -1). Suppose v*o + 4*k = 8, -2*o = -o + k - 4. Let s be 2/o*-1*4. Let u(a) = -a**2 + a. Give u(s).
-6
Let u(h) = 4*h - 1 + 3 + 0. Give u(-4).
-14
Let g(d) = -6*d + 5. Let f(w) = w - 1. Let s(z) = -4*f(z) - g(z). Calculate s(-1).
-3
Let p(y) = -y**3 - 4*y**2 - 6*y - 5. Let w(v) = -v**3 - 4*v**2 - 7*v - 5. Let s(k) = -5*p(k) + 4*w(k). Calculate s(-4).
-3
Let f = 154 + -147. Let w(z) = -2*z + 9*z + 0*z**2 + 2 - z**2. Give w(f).
2
Let q be (-1)/(-5) + 578/85. Let h(w) = w**2 - 5*w - 4. What is h(q)?
10
Let z be ((-3)/(-6) + -4)*-2. Let n(t) = t**3 - 7*t**2 + t - 3. Determine n(z).
4
Suppose v + 3*s - 54 = 0, 0 = 4*v - s - 51 - 126. Suppose 5*k = 25, -5*g = -0*g - 5*k + v. Let r(a) = 2*a - 1. What is r(g)?
-9
Suppose 5*w + 2 = -48. Let i = w + 12. Let h(u) = -u**2 - u - 2. Calculate h(i).
-8
Let t(v) = -5*v + 2 - 1 - 2. Suppose 0 = 2*j - 0 - 2, -3*p = 4*j - 1. Calculate t(p).
4
Let l(b) = -4*b + 3*b + 23 - 2*b - 25. Let j(m) = m - 3. Let q be j(4). Let x = q - 3. Determine l(x).
4
Let f be 3/9 + (-1)/3. Let d(m) = m + 6. What is d(f)?
6
Suppose 4*u - q + 9 = 0, 5 + 13 = -4*u - 2*q. Let a(n) = 0 + 1 + n**3 + 0*n**2 + 2*n + 3*n**2. What is a(u)?
-5
Let m(z) be the first derivative of z**5/20 - z**4/6 - z**3/6 - 3*z**2/2 - 3*z + 2. Let k(c) be the first derivative of m(c). Give k(3).
3
Let t(s) = s**2 + s - 1. Let k(d) = -d**2 + d + 2. Let q(a) = k(a) - t(a). Give q(-3).
-15
Suppose 0 = y - 0*y + 2. Suppose 0 = 3*t + s - 3 - 5, -s = -4*t + 13. Let q(a) = -1 - t*a - 3*a + 4*a. Determine q(y).
3
Let b(r) = r**2 - 3*r - 35. Let o be b(-5). Let u(t) = 4*t - 6. Calculate u(o).
14
Let o(q) = 5*q**2 - 4*q + 3. Let y(i) = -22*i**2 + 17*i - 12. Let d(b) = -9*o(b) - 2*y(b). Give d(3).
-6
Suppose -w = d + 1 - 0, 3*w = -d + 1. Let o be (-7 - w)/(-1) - -1. Let g = 5 - o. Let j(m) = m**3 + 4*m**2 - 3*m - 6. Calculate j(g).
6
Let x(v) = -13*v**3 - 4 + 14*v**3 - 2*v + 5*v**2 - 5*v. What is x(-6)?
2
Let n = -112 + 115. Let h(b) = -b. What is h(n)?
-3
Let v = 1 - -1. Let t be (-45)/(-6) - 1/v. Let a be (-8)/(-28) - (-26)/t. Let f(r) = 3*r - 4. Calculate f(a).
8
Suppose 0*v + v - 4 = 0. Let f(l) = l**3 - 4*l**2 - 2. What is f(v)?
-2
Let l(i) be the second derivative of i**4/24 + i**3/6 + 3*i**2/2 + 3*i. Let u(f) be the first derivative of l(f). Determine u(-7).
-6
Let i(b) = 4*b + 2. Let o be (-2)/(-4)*(-4)/(-2). Let h(g) = -g**2 + 9*g - 9. Let c be h(7). Suppose -c*s - 9 - o = 0. Determine i(s).
-6
Let d(q) = -4*q**3 + 0 - 13*q**2 + 2*q**3 - 11*q + 4 + q**3. Give d(-12).
-8
Suppose 5*r + 44 = -31. Let f be (9/r + 1)*-5. Let m(o) = o**2 + o - 7. Let v(u) = -1. Let d(k) = -m(k) + 6*v(k). Give d(f).
-1
Let h be 2/4 + 7/(-2). Suppose 5*v = 22 - 7. Let d(l) = -2*l**2 + 0*l**2 - l**v - 2 + 0. What is d(h)?
7
Let l(k) = k**2 + 5*k + 10. Let b(v) = -v**2 - 5*v - 9. Let r(d) = -6*b(d) - 5*l(d). Determine r(-4).
0
Let t(r) = r**2 + 5*r. Let z(l) = -l**2 + 10*l + 5. Let q be z(11). Calculate t(q).
6
Suppose 2*k - 40 = -2*k. Let a = -17 + k. Let p(s) = s + 9. What is p(a)?
2
Let b = -17 - -21. Suppose -b*n - 8 = -3*d, -3*d = -3*n - 11 + 5. Let w(u) = u**3 - 3*u**2 - 3*u - 1. Determine w(n).
-15
Let j(q) = -q**3 + 1 - q - 4*q + 6*q - q**2. Give j(-3).
16
Let u be 4/(1 - 9)*-18. Let h(g) = -g**2 + 11*g - 9. What is h(u)?
9
Let o(w) = -25*w - 10 + 26*w + 2. Give o(4).
-4
Suppose -t - 15 = -5*w + 4*t, 2*w = -3*t + 21. Let b(a) be the third derivative of -a**5/60 + 7*a**4/24 - 4*a**3/3 - a**2. What is b(w)?
-2
Let m(g) = 101*g + 3 - 51*g - g**2 - 51*g. Calculate m(0).
3
Let w(j) = j**3 + 6*j**2 + 2*j - 11. Let z be w(-5). Let v(b) = -b + 9. Calculate v(z).
5
Let b = 7 + 2. Suppose 2*c - n = -2*n + b, 26 = 5*c - n. Suppose -q + c*q = 16. Let i(t) = -t**3 + 5*t**2 - 3*t - 3. Calculate i(q).
1
Let w(p) be the third derivative of 2/3*p**3 + 0 + 1/60*p**5 + 5/24*p**4 + 0*p + 